ens digit of 76811?
1
What is the ten thousands digit of 3824629?
2
What is the thousands digit of 2045791?
5
What is the thousands digit of 28155573?
5
What is the units digit of 3234177?
7
What is the hundreds digit of 163087?
0
What is the hundred thousands digit of 6040067?
0
What is the hundreds digit of 532924?
9
What is the units digit of 96214?
4
What is the tens digit of 629847?
4
What is the hundreds digit of 170227?
2
What is the millions digit of 1073557?
1
What is the ten thousands digit of 933555?
3
What is the units digit of 1490967?
7
What is the units digit of 29487803?
3
What is the hundred thousands digit of 203370?
2
What is the tens digit of 250885?
8
What is the tens digit of 9076814?
1
What is the hundreds digit of 29428664?
6
What is the hundred thousands digit of 159474?
1
What is the hundreds digit of 1398426?
4
What is the hundred thousands digit of 5702058?
7
What is the hundred thousands digit of 11422782?
4
What is the hundred thousands digit of 29162277?
1
What is the thousands digit of 1652420?
2
What is the millions digit of 8294149?
8
What is the ten thousands digit of 599499?
9
What is the tens digit of 11610793?
9
What is the millions digit of 35502271?
5
What is the hundreds digit of 1242956?
9
What is the tens digit of 762050?
5
What is the hundreds digit of 88091?
0
What is the hundreds digit of 192151?
1
What is the millions digit of 35124676?
5
What is the millions digit of 20977156?
0
What is the thousands digit of 384106?
4
What is the units digit of 897664?
4
What is the hundreds digit of 308620?
6
What is the ten thousands digit of 8141717?
4
What is the ten thousands digit of 28460?
2
What is the millions digit of 3677469?
3
What is the ten millions digit of 19471082?
1
What is the tens digit of 278813?
1
What is the tens digit of 5168265?
6
What is the ten thousands digit of 178963?
7
What is the thousands digit of 30811188?
1
What is the hundreds digit of 108630?
6
What is the hundred thousands digit of 466883?
4
What is the hundred thousands digit of 2550017?
5
What is the ten thousands digit of 354205?
5
What is the thousands digit of 283448?
3
What is the thousands digit of 1030636?
0
What is the hundreds digit of 482554?
5
What is the hundred thousands digit of 179775?
1
What is the units digit of 743594?
4
What is the hundred thousands digit of 751268?
7
What is the hundred thousands digit of 707465?
7
What is the hundreds digit of 107557?
5
What is the hundred thousands digit of 3992740?
9
What is the tens digit of 586331?
3
What is the units digit of 31934026?
6
What is the hundred thousands digit of 185954?
1
What is the tens digit of 503352?
5
What is the hundreds digit of 177791?
7
What is the hundred thousands digit of 566967?
5
What is the hundreds digit of 2806389?
3
What is the millions digit of 11683995?
1
What is the hundreds digit of 253767?
7
What is the hundreds digit of 314547?
5
What is the thousands digit of 22232426?
2
What is the tens digit of 9686369?
6
What is the ten millions digit of 19824623?
1
What is the hundreds digit of 2015136?
1
What is the hundred thousands digit of 692257?
6
What is the ten thousands digit of 1780904?
8
What is the hundred thousands digit of 332170?
3
What is the units digit of 1837477?
7
What is the hundreds digit of 357994?
9
What is the units digit of 1705853?
3
What is the tens digit of 131111?
1
What is the tens digit of 3285710?
1
What is the hundreds digit of 4378760?
7
What is the thousands digit of 357794?
7
What is the thousands digit of 506427?
6
What is the hundred thousands digit of 503477?
5
What is the ten thousands digit of 5867138?
6
What is the tens digit of 325107?
0
What is the hundreds digit of 14232?
2
What is the thousands digit of 3761262?
1
What is the tens digit of 8296831?
3
What is the ten thousands digit of 544667?
4
What is the ten millions digit of 13297662?
1
What is the thousands digit of 1478879?
8
What is the ten thousands digit of 672141?
7
What is the millions digit of 10916259?
0
What is the units digit of 716179?
9
What is the thousands digit of 8426390?
6
What is the hundreds digit of 3813937?
9
What is the thousands digit of 11408693?
8
What is the hundred thousands digit of 456849?
4
What is the hundred thousands digit of 907383?
9
What is the ten thousands digit of 76951?
7
What is the hundred thousands digit of 236196?
2
What is the tens digit of 906095?
9
What is the tens digit of 18227727?
2
What is the thousands digit of 48849?
8
What is the tens digit of 642655?
5
What is the hundreds digit of 23208?
2
What is the ten thousands digit of 862264?
6
What is the tens digit of 210157?
5
What is the ten thousands digit of 1821419?
2
What is the hundreds digit of 1653263?
2
What is the thousands digit of 1981685?
1
What is the ten thousands digit of 1735935?
3
What is the units digit of 1781109?
9
What is the millions digit of 1608586?
1
What is the units digit of 788515?
5
What is the units digit of 94685?
5
What is the hundred thousands digit of 3322240?
3
What is the thousands digit of 623791?
3
What is the millions digit of 10692805?
0
What is the millions digit of 1135379?
1
What is the millions digit of 1471792?
1
What is the tens digit of 168306?
0
What is the tens digit of 9461947?
4
What is the ten millions digit of 24867911?
2
What is the hundreds digit of 4629443?
4
What is the tens digit of 690772?
7
What is the hundreds digit of 567173?
1
What is the ten thousands digit of 806122?
0
What is the ten thousands digit of 614063?
1
What is the thousands digit of 10614972?
4
What is the hundred thousands digit of 22609197?
6
What is the ten thousands digit of 3297828?
9
What is the thousands digit of 1313291?
3
What is the units digit of 318505?
5
What is the tens digit of 3659246?
4
What is the thousands digit of 3161130?
1
What is the ten thousands digit of 101756?
0
What is the thousands digit of 6651913?
1
What is the tens digit of 22271131?
3
What is the millions digit of 7087171?
7
What is the thousands digit of 14926958?
6
What is the tens digit of 988723?
2
What is the ten thousands digit of 2313550?
1
What is the hundreds digit of 770348?
3
What is the units digit of 262225?
5
What is the tens digit of 380894?
9
What is the tens digit of 162966?
6
What is the units digit of 919530?
0
What is the thousands digit of 950758?
0
What is the tens digit of 5835237?
3
What is the tens digit of 421905?
0
What is the hundred thousands digit of 1873676?
8
What is the ten thousands digit of 2792009?
9
What is the millions digit of 2053631?
2
What is the ten thousands digit of 32740803?
4
What is the hundred thousands digit of 4750116?
7
What is the tens digit of 232861?
6
What is the hundred thousands digit of 5007350?
0
What is the thousands digit of 59376?
9
What is the ten thousands digit of 17733639?
3
What is the units digit of 354399?
9
What is the thousands digit of 300425?
0
What is the units digit of 833726?
6
What is the units digit of 726335?
5
What is the units digit of 1620096?
6
What is the units digit of 20269507?
7
What is the ten millions digit of 14703062?
1
What is the tens digit of 416586?
8
What is the units digit of 649415?
5
What is the millions digit of 18826111?
8
What is the tens digit of 230436?
3
What is the hundreds digit of 2973679?
6
What is the hundreds digit of 2542190?
1
What is the ten thousands digit of 5469559?
6
What is the millions digit of 2857713?
2
What is the millions digit of 6588051?
6
What is the hundreds digit of 278647?
6
What is the tens digit of 34656068?
6
What is the ten thousands digit of 663084?
6
What is the units digit of 129194?
4
What is the hundreds digit of 345410?
4
What is the ten thousands digit of 36547810?
4
What is the millions digit of 1408383?
1
What is the thousands digit of 142546?
2
What is the thousands digit of 689219?
9
What is the units digit of 73225?
5
What is the ten thousands digit of 19928888?
2
What is the units digit of 9943637?
7
What is the hundred thousands digit of 2625631?
6
What is the thousands digit of 86306?
6
What is the ten thousands digit of 609244?
0
What is the ten thousands digit of 777427?
7
What is the ten thousands digit of 1294705?
9
What is the hundreds digit of 5919270?
2
What is the ten milli